st common factor of l and 16?
16
Let m be 2/(-8) + (-2477)/(-4). Suppose -3*x + 158 = 2*f - m, 3*x = 5*f - 1890. Let z = -189 + f. What is the greatest common factor of z and 24?
24
Let h be 38/8 - 3/(-12). Suppose -h*k = -0*k - 25. What is the greatest common factor of k and 45?
5
Suppose 0*l - 4*l = -16. Let o(g) = g**2 - g - 2. Let u be o(l). Calculate the highest common factor of u and 70.
10
Suppose -4*h + 10 = -9*h. Let c(p) = p + 3. Let o be c(h). Suppose -40 = -4*q - 3*n, 0 = 2*n + 3*n - 20. What is the highest common factor of q and o?
1
Let h(a) = a + 1. Let c be h(2). Suppose c*x - 10 = -2*r, -2*x + 2*r + 5 = -15. Let d = -5 + 7. What is the highest common factor of x and d?
2
Let f be 6*(4/3 + -1). Calculate the highest common factor of f and 2.
2
Let p = 45 + 25. Suppose -2*q = -7*q + p. Calculate the greatest common factor of q and 21.
7
Let g = -14 - -42. What is the highest common factor of g and 7?
7
Suppose -96 = -3*f - f. Let h be f/18*(15 + 0). Calculate the greatest common divisor of h and 8.
4
Let r be 9/2*(-18)/(-27). Suppose 75 = 2*j + r*j. Calculate the greatest common divisor of j and 60.
15
Let y be (-10)/((-2)/(-26)*-2). What is the highest common factor of y and 13?
13
Let d(v) = 2*v**3 + 2*v**2 - 2*v. Let o be d(2). Let q be (1/3)/((-1)/(-9)). Suppose -80 = l - q*l. What is the greatest common factor of o and l?
20
Suppose -233 = -3*p - 0*p - o, 0 = 3*o - 15. Calculate the highest common factor of p and 19.
19
Let m = 12 - 7. Suppose -5*f = -30 + m. Suppose -r + 5*z = 3*r - 475, 2*r - f*z - 245 = 0. Calculate the greatest common divisor of 23 and r.
23
Suppose 4*s = 2*o + 28, 0*s - 5*o + 35 = 5*s. Suppose -2*l + 56 = -0*l. Calculate the greatest common divisor of l and s.
7
Suppose -5*p + 2*f = -219, 0 = -3*p - 4*f - 38 + 185. Calculate the highest common divisor of p and 405.
45
Let f(w) = w**3 - 3*w**2 + w - 5. Let z be f(-5). Let b = -428 - z. Let p be b/(-3) - (-6)/(-9). Calculate the greatest common divisor of p and 8.
8
Let a be 609/35 + 6/10. Calculate the highest common divisor of a and 9.
9
Suppose -3*a + 9*a - 30 = 0. What is the highest common divisor of a and 40?
5
Suppose 15*b = 17*b - 4. What is the greatest common divisor of b and 3?
1
Suppose -5*f = 2*a - 356, -3*f = -4*f + 3*a + 78. Suppose 5*z - f = 18. Calculate the highest common divisor of 198 and z.
18
Suppose -2*u = u - 24. Calculate the greatest common factor of u and 1.
1
Let v(a) = -23 - 4*a + 16 + 6*a. Let y be v(9). Calculate the greatest common factor of 33 and y.
11
Let r(m) = m - 11. Let w be r(10). Let i be (w + 8/4)*5. Suppose 0 = -2*h + 6 + 44. Calculate the greatest common factor of h and i.
5
Let f(b) = -24*b - 28. Let k(u) = 8*u + 9. Let c(j) = 3*f(j) + 8*k(j). Let h be c(-8). What is the highest common divisor of 13 and h?
13
Let j be ((-14)/(-4))/((-1)/(-2)). Let v(w) = -78*w**3 + 2*w**2 + 8*w + 5. Let m be v(-1). Calculate the greatest common factor of j and m.
7
Suppose 0 = 6*l + 3*l - 720. Calculate the highest common factor of l and 8.
8
Let m(n) = -n**2 + 3*n + 6. Let u be m(3). Calculate the highest common factor of 6 and u.
6
Let o be 3 - (-12)/2 - 5. What is the highest common divisor of o and 28?
4
Suppose 90 = 6*u - u. What is the greatest common divisor of u and 2?
2
Let f(z) = -z**3 - 6*z**2 + 27*z + 9. Let u be f(-9). What is the highest common divisor of u and 18?
9
Let v(w) = 2*w**2 + 3*w. Let z be v(-2). Let n be 1/(3/18*3) + 1. What is the greatest common factor of z and n?
1
Suppose 3*c = -19 - 38. Let y = 36 + c. Let t be (-67)/(-4) - 2/(-8). Calculate the greatest common divisor of t and y.
17
Suppose 42 = 3*t - 0. Calculate the greatest common divisor of 56 and t.
14
Suppose 0*i + 3*i - 152 = 4*j, 3*j = -2*i + 90. Suppose 10*w - 7*w = i. What is the greatest common factor of 80 and w?
16
Suppose 25 = w - 3*u, -4*w - u + 10 + 25 = 0. Suppose -140 = d - 3*d. Calculate the greatest common divisor of w and d.
10
Let h = -27 - -6. Let o = h + 25. Suppose s + 2*u = 5*s - 154, 5*s - 175 = -u. What is the highest common factor of o and s?
4
Let z = -4 - -9. Let v be 11/z - (-2)/(-10). Let f = v - -3. Calculate the greatest common divisor of f and 40.
5
Suppose 0 = 3*d + 4*z - 31, 0 = -d + 3*d + 2*z - 18. Suppose 30 = -d*w + 105. Let t be 812/6 - (-2)/(-6). What is the highest common divisor of w and t?
15
Suppose -5*g + 2*g + 72 = 0. Suppose -u - 2*u = -g. What is the highest common factor of 24 and u?
8
Suppose -b + 3*b = 5*h - 42, -5*b = 3*h - 19. Let j be 30/12*6/(-5). Let a be (j/9)/(2/(-6)). What is the highest common factor of a and h?
1
Suppose -2*h - 2*z - z = -12, 0 = 2*h - 3*z + 12. Let x = 14 - h. What is the greatest common factor of x and 35?
7
Let a(d) = d**3 - 8*d**2 + 8*d - 5. Let k be a(7). What is the highest common divisor of k and 22?
2
Let i be (-18)/4*4/(-3). Let h(r) = r + 6. Let f be h(-5). Let p be (f/(-2))/(7/(-924)). What is the greatest common factor of i and p?
6
Suppose -2*d - d + 9 = 0. Suppose 2*n - d = -1. Let f = n - -2. Calculate the greatest common factor of 1 and f.
1
Let x be 67/6 - (-5)/(-30). Calculate the greatest common factor of x and 22.
11
Let q = -53 + 77. What is the greatest common divisor of q and 16?
8
Let c(w) = -w**3 + 5*w**2 - w - 3. Let z be c(4). Let g be 1 + (7 - z/(-3)). What is the highest common divisor of g and 11?
11
Suppose 17*x - 10*x = 672. Calculate the greatest common factor of x and 48.
48
Let z = -9 - -15. Let r be 474/18 + 4/z. What is the greatest common divisor of 3 and r?
3
Suppose j + 3 = 0, -j = -2*i - 5*j + 8. Suppose -4*u = 4*v - 9*u - 80, 3*u - 37 = -v. Let q = 135 - v. Calculate the greatest common factor of i and q.
10
Suppose 0*j = 5*j + 70. Let f = j + 22. Suppose 0 = 2*u - 6*u + 128. What is the greatest common factor of f and u?
8
Let i = -28 + 72. Let w = -476 + 487. What is the highest common factor of w and i?
11
Suppose -3*n = 3*t - 0*n - 93, t = -4*n + 34. Calculate the greatest common factor of 50 and t.
10
Let x(r) = 5 - 27*r - 7 + 3. Let h be x(-1). Suppose 33 - 5 = 4*i. What is the highest common factor of i and h?
7
Let d be (-24)/(-4)*2/4. Suppose d*h = h + 24. Suppose -z - h = -3*j, 4*j + 2*z = -0*j + 6. What is the greatest common divisor of 6 and j?
3
Suppose 152 = 4*p + 3*z, -4*z - 89 = 2*p - 5*p. Suppose 4 = 2*f - 2. Let k be 23/f + 2/(-3). Calculate the highest common divisor of p and k.
7
Suppose -6 = -b - n, 0*n + 3*n = b + 6. Calculate the highest common factor of b and 24.
3
Suppose s + s - 20 = 0. Suppose -4*b - 2*w + 46 = -3*b, 4*b + 3*w - 169 = 0. Calculate the greatest common divisor of b and s.
10
Suppose -6*d = -3*d - 5*z - 280, 5*d = 4*z + 484. What is the highest common factor of d and 25?
25
Let n be 22*(3 - (0 + 0)). Suppose 0*d = -2*d + 12. Suppose l + 0*l = d. Calculate the highest common divisor of n and l.
6
Suppose -4*l - 7*l = -253. Calculate the greatest common factor of 253 and l.
23
Let u(z) = z - 1. Let y be u(4). Suppose 367 = y*c + 5*r - r, 5*c + r - 606 = 0. What is the highest common divisor of c and 11?
11
Let r(s) = -s**3 + 2*s**2 + 1. Let h be r(2). Let o(y) = 4*y - 1. Let w be o(h). Calculate the highest common divisor of 21 and w.
3
Suppose 0 = -i + 5 + 27. Let z be (i/(-10))/(6/(-120)). Calculate the highest common factor of 16 and z.
16
Let s be 6/2*(-1 - 4). Let x be (171/s)/(2/(-10)). Calculate the highest common divisor of x and 38.
19
Let k(i) = -2*i + 2. Let r be k(0). What is the greatest common factor of 2 and r?
2
Suppose 6*f - 3*t = 3*f + 12, -t + 20 = 5*f. Suppose 2*d + 28 = 4*l, -40 = -4*l + d + f*d. Calculate the greatest common factor of 5 and l.
5
Let r be 3/5 + 296/40. Calculate the highest common divisor of 8 and r.
8
Suppose 4*t - 8 = 4. Suppose 2*u - 3 - 7 = 0. Suppose y + 8 = u*y. Calculate the greatest common divisor of t and y.
1
Suppose -k = -2, 3*i - 108 = -3*k - 0. What is the highest common factor of 85 and i?
17
Let u = -48 + 69. What is the highest common divisor of 147 and u?
21
Suppose 4*y = -4*y + 176. Calculate the greatest common factor of 242 and y.
22
Let u(h) = -h**3 + 9*h**2 - 8*h + 7. Suppose -2*l + 6*l = 32. Let g be u(l). Calculate the highest common divisor of g and 7.
7
Let j be -5 + 1 + 1 - -3. Suppose j = -4*q - q + 5. What is the gr